 71
What are the prime factors of 1049 + 8 + -7 - 9?
3, 347
What are the prime factors of (185/2)/((-3)/(-18))?
3, 5, 37
Suppose 0 = -5*a + 2*t + 571, 4*a - 462 = 3*t - 4*t. Suppose 5*y + 3*b - a = -10, -4*b + 110 = 5*y. List the prime factors of y.
2, 3
Suppose -3*x = 3*g - 762, -x + 49 + 958 = 4*g. List the prime factors of g.
251
Suppose 0 = -q + 2228 + 584. List the prime factors of q.
2, 19, 37
Let t(z) = -z + 12. Let k(y) = -3*y + 36. Let q(d) = -2*k(d) + 7*t(d). Let s be q(14). What are the prime factors of 2/s*(-21 + 2)?
19
Let l(a) = 2*a + 17. Let w be l(-7). Let t(g) = 1. Let s(b) = -b**2 + 3*b + 2. Let r(i) = w*t(i) - s(i). List the prime factors of r(-2).
11
Let y be 184/2 - -2*6/12. Let i = y - 1. List the prime factors of i.
2, 23
Suppose 55572 = -24*x + 57*x. What are the prime factors of x?
2, 421
Suppose 3*v + 6 = -w + 1, -2*w = 10. Suppose v = -s - 0*s + 5, -2*m = s - 101. List the prime factors of m.
2, 3
Suppose -18 + 54 = 6*l. Suppose -a + 17 = -l. List the prime factors of a.
23
Suppose -5*q = -s + 31, 4*q + 19 = -0*s - 5*s. Let j(b) = -b**3 - 2*b**2 + 10*b - 6. What are the prime factors of j(q)?
2, 3, 13
Let g(s) = -3*s - 8 + 2 + 10 + 11*s - s**2. Let w be g(8). Suppose -j - 1 - w = 0, -2*c = -j - 81. List the prime factors of c.
2, 19
What are the prime factors of 5*12/15 - -1261?
5, 11, 23
Let g be 16/(-24) + 23/3*1. Suppose g*x = 3*x + 252. What are the prime factors of x?
3, 7
Let b = 92 + -208. Let j = b + 233. Suppose 0 = 5*p - j + 2. List the prime factors of p.
23
Let m = 2516 + -986. What are the prime factors of m?
2, 3, 5, 17
Suppose -16 = -5*s + 4*s. Suppose 3*q - 4*z = 2*q - s, -2*q + 3 = -z. Suppose 4*r = -r - 20, 2*r = -q*d + 40. What are the prime factors of d?
2, 3
Suppose -281 = -4*g + 235. Suppose 9 = -v + 14. Suppose -v*d = 2*b - g, -3*b + 15 = d + b. List the prime factors of d.
3
Suppose 11 = 5*x + 5*v - 2*v, 4*v = -2*x - 4. Suppose 2*m = x*q + 570, -3*q - 285 = -m + q. List the prime factors of m.
3, 5, 19
What are the prime factors of 5730/8 - (-2)/(-8)?
2, 179
Let t = 936 + -660. What are the prime factors of t?
2, 3, 23
Let f(t) = t**2 + 3*t + 28. Suppose 0*z - 46 = 5*z - a, 5*z - 4*a + 34 = 0. List the prime factors of f(z).
2, 7
Suppose 23 = 5*b - 52. Suppose j - 4*j + 5*l = -9, -l - 15 = -5*j. Suppose -a + 3 = 2*f, j*f = -f + a + b. List the prime factors of f.
3
List the prime factors of (-13)/(1989/(-494) - (0 + -4)).
2, 13, 19
Let m(h) = -h - 13. Let g be 952/88 + (-4)/(-22). Let w be m(g). List the prime factors of (-4)/w*2*39.
13
Suppose -4 = -0*m - 4*m. What are the prime factors of 159*m/3*1?
53
Suppose -24 = -2*j + 42. Suppose 3*y = j + 93. What are the prime factors of y?
2, 3, 7
Suppose -31*j + j + 1200 = 0. List the prime factors of j.
2, 5
Suppose -6400 = 17*h - 27*h. List the prime factors of h.
2, 5
Let f = -73 + 694. List the prime factors of f.
3, 23
Let g be 4/3*(-7)/(42/(-9)). Suppose -k = -3*h - 92, -g*k + 3*h = -0*h - 187. What are the prime factors of k?
5, 19
Let m = 752 - 484. What are the prime factors of m?
2, 67
Suppose 134 = 3*c - 61. Suppose m - 3*o = c, -2*m + 291 = 3*m + 2*o. List the prime factors of m.
59
Suppose -5*q + 19 = -0*n + n, 3*n - 3*q - 3 = 0. Suppose g - l - 53 = 3*g, n*l + 9 = -g. List the prime factors of g/(-3)*(-2 + 5).
29
Suppose 129 = -4*y + 4*f - f, -y + 4*f = 29. Let m = y - -162. List the prime factors of m.
3, 43
What are the prime factors of (-4)/7 - (-53054)/14?
3, 421
Let q(j) = -j**2 - 17*j - 19. Let b be (2 - (-1 - -2)) + 1. Suppose -39 = b*d + d. List the prime factors of q(d).
3, 11
Let d(r) = -321*r**3 + 2*r**2 + 22*r + 33. List the prime factors of d(-2).
3, 5, 19
Suppose 0 = -i + 421 + 42. What are the prime factors of i?
463
Suppose 70*u + 2*v = 71*u - 4440, 4*u = -2*v + 17720. What are the prime factors of u?
2, 277
Let u = 73 + -152. Let b = u + 120. List the prime factors of b.
41
Let b(l) = 2 + 8*l + 2 - l**2 - 4. Let r be b(8). Suppose r*x + 18 = x. What are the prime factors of x?
2, 3
Let z = -830 - -1305. List the prime factors of z.
5, 19
Let o(y) = 23*y**2 + y. Let z be o(1). Let i = z - 20. Suppose i*r = -5 + 49. List the prime factors of r.
11
Let u = 90 + -37. Let f = 87 - u. List the prime factors of f.
2, 17
Let z = 7 + -13. Let c = 46 + z. Suppose -c = -2*i - 0. What are the prime factors of i?
2, 5
Suppose 0 = -2*m + 2 + 46. Let p = -9 + m. List the prime factors of p.
3, 5
Let z = 47 + -37. List the prime factors of 22/55 + 1116/z.
2, 7
Let h = -5 + 8. Let m(j) = j**2 - 6*j + 14. Let d be m(7). Suppose 0 = h*u + d - 78. List the prime factors of u.
19
Let o(d) = 3*d**3 - 11*d**2 - d - 1. Let x(y) = y**3 - y**2 + y + 1. Let t(l) = -o(l) + 4*x(l). Let v be t(-5). Let u = v - 5. List the prime factors of u.
5
Let y(x) = 13*x**2 + 45*x - 36. List the prime factors of y(-20).
2, 13, 41
Suppose -25*m + 26*m + r - 1798 = 0, 4*r + 1788 = m. What are the prime factors of m?
2, 449
Let j be (4/6 + 0)*3. Let i(a) = -2*a + 2*a - a**2 + 2*a**j - 3*a + 10. What are the prime factors of i(7)?
2, 19
Let l = -18 - -20. Suppose 4*o - l - 30 = 0. What are the prime factors of 318/4*o/12?
53
Let n(k) = 12*k + 11. Let j be n(-6). Let i = 44 - j. List the prime factors of i.
3, 5, 7
Let u(g) be the first derivative of -9*g**2 - 8 - 14*g - 4*g + 7*g**2. What are the prime factors of u(-7)?
2, 5
Let g = 23 + -33. Let o = 18 + g. Let r = 12 - o. List the prime factors of r.
2
Let a(t) be the second derivative of 59*t**4/12 + t**3/6 + t**2 - 11*t. What are the prime factors of a(-1)?
2, 3, 5
List the prime factors of 49/(-245) - 5911/5*-1.
2, 3, 197
Let t = -15 - 87. Let f be (-12)/(-1)*t/(-12). Suppose 0 = -4*x + f - 22. List the prime factors of x.
2, 5
Suppose 5*g - 2*q - 4331 = 0, 10*g - 2*q = 14*g - 3472. What are the prime factors of g?
3, 17
Suppose -3*b - j + 73 = -2*j, 0 = 4*b + j - 109. Suppose 4*u = -10 - b. What are the prime factors of ((-58)/3)/(6/u)?
29
Let i be (-6)/(-6)*10/2. Let b(r) = 0 - i*r - 6*r - r**2 + 2. List the prime factors of b(-7).
2, 3, 5
Suppose -11664 = 15*w - 31*w. List the prime factors of w.
3
Let p be 618/90 - (-6)/45. Let w(v) = 6*v - 19. What are the prime factors of w(p)?
23
List the prime factors of 4/(-18) + 266244/594.
2, 7
Let m be 0 - 22/(-4)*14. Suppose m + 207 = 4*a. List the prime factors of a.
71
Let l(d) = -d**3 - 11*d**2 + 13*d + 12. Let a be l(-12). Suppose -j - t = -4 - a, -t + 2 = 0. Suppose 164 = j*y + 2*y. List the prime factors of y.
41
Let k = -30 - -30. Suppose 4*m = 3*d + 3, 4*m - 4*d + 0*d = k. Suppose 5*p - m*p = 2*j - 6, 2*p = -2. List the prime factors of j.
2
Suppose -5*x - 27 = -3*t, -3*x - 9 = -0*x. Let u be (4 - 3)*(t - 1). Suppose 3*y + 0*y - u*n - 144 = 0, -n = -3*y + 154. List the prime factors of y.
53
Let o = -41 - -8. What are the prime factors of 77/2 + o/(-22)?
2, 5
What are the prime factors of (-10 + -60)*(12 + -13)?
2, 5, 7
List the prime factors of (-15)/9*-55 - (-12)/(-18).
7, 13
Suppose -r + 25 = 4*j, 2*r - 6*r + 3*j = -100. Suppose 4*k + k - r = 3*y, 2*y = 4*k - 20. List the prime factors of ((16 - 0) + y)*3.
2, 3
Suppose 0 = -4*q - 5 - 3. Let p(i) = -34*i + 43*i + 4 - 23*i. List the prime factors of p(q).
2
Let u(f) = 185*f - 517. List the prime factors of u(31).
2, 2609
Suppose -k + 132 = 5*c, 5*k - 6*c = -c + 780. Let v = k + -90. What are the prime factors of v?
2, 31
Suppose -9503 = -39*f - 806. What are the prime factors of f?
223
Let g(p) = 1012*p**2 - 9*p + 5. List the prime factors of g(1).
2, 3, 7
Let r be (31 - (-2 + 2))*(8 - 1). Suppose -2*p - v + r = p, 4*p - 300 = -4*v. What are the prime factors of p?
71
What are the prime factors of 39/(-6)*-172 + 7?
3, 5
Let w(q) = -q + 5. Suppose -3*y = -4*c - 0*c - 2, 0 = 5*y + 4*c - 14. Let x be w(y). Suppose 0*d = x*d - 60. List the prime factors of d.
2, 5
Let w(b) = 134*b**2 - 12*b + 34. What are the prime factors of w(3)?
2, 7, 43
Let c be (11/6 - 6/4)*453. Suppose -f = 21 - c. What are the prime factors of f?
2, 5, 13
Let x(a) = 6*a + 40. Let h(b) = -6*b - 39. Let w(k) = -3*h(k) - 4*x(k). What are the prime factors of w(-13)?
5, 7
Let w(h) = h**3 - 11*h**2 + 12*h - 20. Let o be w(10). Let y = o + 65. What are the prime factors of y?
5, 13
Suppose -3*d + 0*y + 2*y = -16, 5*y = -3*d + 23. List 